{"id":205,"date":"2025-11-11T11:40:16","date_gmt":"2025-11-11T08:40:16","guid":{"rendered":"https:\/\/hammaslaaketiedepaivat.fi\/?page_id=205"},"modified":"2026-01-14T10:17:47","modified_gmt":"2026-01-14T07:17:47","slug":"majoitus-ja-kulkeminen","status":"publish","type":"page","link":"https:\/\/hammaslaaketiedepaivat.fi\/index.php\/majoitus-ja-kulkeminen\/","title":{"rendered":"Saapuminen ja majoitus"},"content":{"rendered":"\n<p>Turun Hammasl\u00e4\u00e4ketiedep\u00e4iv\u00e4t j\u00e4rjestet\u00e4\u00e4n Mauno Koivisto- keskuksessa, Bio-City, Tykist\u00f6katu 6, Turku<\/p>\n\n\n\n<p><a href=\"https:\/\/hammaslaaketiedepaivat.fi\/wp-content\/uploads\/2025\/11\/Turun-tiedepuiston-kartta.pdf\" data-type=\"link\" data-id=\"https:\/\/hammaslaaketiedepaivat.fi\/wp-content\/uploads\/2025\/11\/Turun-tiedepuiston-kartta.pdf\">Aluekartta<\/a><\/p>\n\n\n\n<p>Mauno Koivisto-keskus sijaitsee Kupittaalla aivan Kupittaan rautatieaseman ja Sokos hotelli Kupittaan vieress\u00e4 (150m). <\/p>\n\n\n\n<p>Helsingin suunnasta tultaessa Onnibussi pys\u00e4htyy Yliopiston pys\u00e4kill\u00e4, josta k\u00e4velymatka tapahtumapaikalle (300m).<\/p>\n\n\n\n<p>Paikallisbusseilla 3 ja 3A p\u00e4\u00e4see Turun keskustasta Kupittaan aseman pys\u00e4kille ja 27, 27A pys\u00e4htyy hammasklinikan pys\u00e4kill\u00e4. Linja-autoasemalta p\u00e4\u00e4see busseilla 3A Kupittaan asemalla ja 2 ja 6 Yliopiston pys\u00e4kille. Lis\u00e4ksi bussit 10 ja 39 kulkevat Tykist\u00f6kadun kautta.<\/p>\n\n\n\n<p>Mauno Koivisto- keskuksen vieress\u00e4 Joukahaisenkadulla on parkkihalli.<\/p>\n\n\n\n<p>MAJOITUS<\/p>\n\n\n\n<p>Sokos hotelli Kupittaalta on varattuna Turun Hammasl\u00e4\u00e4ketiedep\u00e4iville majoituskiinti\u00f6.<\/p>\n\n\n\n<p>varausnumero 27749609<\/p>\n\n\n\n<p>Standard huone yhdelle hengelle 96 euroa \/ huone \/ y\u00f6<\/p>\n\n\n\n<p>Standard huone kahdelle hengelle 116 euroa \/ huone \/ y\u00f6<\/p>\n\n\n\n<p><a href=\"https:\/\/www.sokoshotels.fi\/hotellit\/turku\/original-sokos-hotel-kupittaa\" data-type=\"link\" data-id=\"https:\/\/www.sokoshotels.fi\/hotellit\/turku\/original-sokos-hotel-kupittaa\">Sokos Kupittaa<\/a><\/p>\n\n\n\n<p><\/p>\n","protected":false},"excerpt":{"rendered":"<p>Turun Hammasl\u00e4\u00e4ketiedep\u00e4iv\u00e4t j\u00e4rjestet\u00e4\u00e4n Mauno Koivisto- keskuksessa, Bio-City, Tykist\u00f6katu 6, Turku Aluekartta Mauno Koivisto-keskus sijaitsee Kupittaalla aivan Kupittaan rautatieaseman ja Sokos hotelli Kupittaan vieress\u00e4 (150m). Helsingin suunnasta tultaessa Onnibussi pys\u00e4htyy Yliopiston pys\u00e4kill\u00e4, josta k\u00e4velymatka tapahtumapaikalle (300m). Paikallisbusseilla 3 ja 3A p\u00e4\u00e4see Turun keskustasta Kupittaan aseman pys\u00e4kille ja 27, 27A pys\u00e4htyy hammasklinikan pys\u00e4kill\u00e4. Linja-autoasemalta p\u00e4\u00e4see busseilla 3A&#8230;<\/p>\n","protected":false},"author":1,"featured_media":0,"parent":0,"menu_order":0,"comment_status":"closed","ping_status":"closed","template":"","meta":{"_kad_post_transparent":"","_kad_post_title":"","_kad_post_layout":"","_kad_post_sidebar_id":"","_kad_post_content_style":"","_kad_post_vertical_padding":"","_kad_post_feature":"","_kad_post_feature_position":"","_kad_post_header":false,"_kad_post_footer":false,"_kad_post_classname":"","footnotes":""},"class_list":["post-205","page","type-page","status-publish","hentry"],"_links":{"self":[{"href":"https:\/\/hammaslaaketiedepaivat.fi\/index.php\/wp-json\/wp\/v2\/pages\/205","targetHints":{"allow":["GET"]}}],"collection":[{"href":"https:\/\/hammaslaaketiedepaivat.fi\/index.php\/wp-json\/wp\/v2\/pages"}],"about":[{"href":"https:\/\/hammaslaaketiedepaivat.fi\/index.php\/wp-json\/wp\/v2\/types\/page"}],"author":[{"embeddable":true,"href":"https:\/\/hammaslaaketiedepaivat.fi\/index.php\/wp-json\/wp\/v2\/users\/1"}],"replies":[{"embeddable":true,"href":"https:\/\/hammaslaaketiedepaivat.fi\/index.php\/wp-json\/wp\/v2\/comments?post=205"}],"version-history":[{"count":9,"href":"https:\/\/hammaslaaketiedepaivat.fi\/index.php\/wp-json\/wp\/v2\/pages\/205\/revisions"}],"predecessor-version":[{"id":296,"href":"https:\/\/hammaslaaketiedepaivat.fi\/index.php\/wp-json\/wp\/v2\/pages\/205\/revisions\/296"}],"wp:attachment":[{"href":"https:\/\/hammaslaaketiedepaivat.fi\/index.php\/wp-json\/wp\/v2\/media?parent=205"}],"curies":[{"name":"wp","href":"https:\/\/api.w.org\/{rel}","templated":true}]}}